-4) is divided by 3*n/(-3) - -13.
8
Suppose 5*p - 32 = -7. Suppose 4*d - 19 = -p*b + 1, -4*b - 15 = -3*d. What is the remainder when d is divided by 2?
1
Suppose -3*y - 21 = 18. Let i = y - -21. Let m(t) = t**2 - 5*t - 4. What is the remainder when m(i) is divided by 11?
9
Suppose 11 = 4*z - 5. Suppose -z*t + 3*t + 10 = 0. Suppose 0*h + 145 = 5*h. Calculate the remainder when h is divided by t.
9
What is the remainder when 3 is divided by (2/5)/(4/20)?
1
Let q(x) = -3*x - 2. Let j = -14 - -26. Calculate the remainder when q(-12) is divided by j.
10
Let v(n) = 2*n**2 - 5*n - 4. Let g(r) = -r**2 + 9*r + 4. What is the remainder when g(6) is divided by v(4)?
6
Let k(w) = w**2 + 7. What is the remainder when k(0) is divided by 5?
2
Suppose -100 = -4*t - t - 5*m, -m = -5*t + 106. What is the remainder when t is divided by 12?
9
Suppose g - 4*u - 3 = 0, 3*g + 5*u - u - 9 = 0. Let o be (5/g)/((-4)/(-96)). Suppose -5*r - o + 105 = 0. Calculate the remainder when 25 is divided by r.
12
Let k = -19 + 46. What is the remainder when k is divided by 14?
13
Let q be (-1)/4 + (-75)/(-12). Suppose -a + q*a = 4*m - 11, m = -3*a + 24. Calculate the remainder when m is divided by 5.
4
Let y(g) = 44*g + 369. Let i = 1 - 1. Calculate the remainder when i/(-1) - (-2 - 29) is divided by y(-8).
14
Let l = 8 - 5. Calculate the remainder when 52 is divided by 14/(-3)*(-6 + l).
10
Let c(d) = d**2 + 5*d - 6. Let n be c(-6). Let u be n + 0/(3/1). Suppose -w + 0*w + 8 = u. Calculate the remainder when 23 is divided by w.
7
Let b(c) = c**3 + 5*c**2 + c + 7. Let d be b(-5). Let j = d + 3. Calculate the remainder when 14 is divided by j.
4
Suppose -39*f + 41*f = 74. Calculate the remainder when 183 is divided by f.
35
Suppose -2 - 1 = -n. Suppose 0 = n*c + 3*v - 36, 2*c - 21 + 2 = 3*v. What is the remainder when 41 is divided by c?
8
Suppose 0 = 5*t + 4*k + 2, 4*t - 5*k = -9 + 32. Suppose t*i = 85 - 19. What is the remainder when i is divided by 17?
16
Let o = 85 - 83. What is the remainder when o is divided by 1?
0
Let x = -16 + 9. Let n(w) = 2*w**2 + 11*w + 5. What is the remainder when n(x) is divided by 14?
12
What is the remainder when -2*(-16)/(-12)*-15 is divided by 21?
19
Let p(u) = u**3 - u**2 - 3. Let l be p(0). Let m(d) = 2*d**2 + 3. Calculate the remainder when 40 is divided by m(l).
19
Suppose -5*c + 97 = 22. Let d = c - 14. Calculate the remainder when 3 is divided by d.
0
Let y(p) = -p**3 - 2*p**2 - 7*p - 11. What is the remainder when 74 is divided by y(-3)?
17
Let v = 9 - -55. Suppose -v = -q - 8. What is the remainder when q is divided by 15?
11
Suppose -5*g + 145 = 2*v, 0*v - 5 = -v. What is the remainder when g is divided by 10?
7
Let v(i) be the third derivative of i**5/60 + i**4/8 - i**3/6 - i**2. Calculate the remainder when 9 is divided by v(-4).
0
Calculate the remainder when 25 is divided by 10/(-55) + (-79)/(-11).
4
Let s(o) = o - 8. Let g be s(4). What is the remainder when 25 is divided by 140/5*(-2)/g?
11
Let c be 2/(3/2 + -1). Suppose -c*r + 5 + 7 = 0. Suppose -42 = -r*o - 3*p, 60 = 3*o + 2*p + 22. What is the remainder when 19 is divided by o?
9
Let a = 19 + -6. What is the remainder when a is divided by 5?
3
Suppose 4*y + 4*s = -28, 0*y - 4*s = y + 22. Let h = y - -4. What is the remainder when 29 is divided by h/(-6) + (-31)/(-3)?
9
Let d(j) = j**2 + j + 17. Let i be (-1)/(-2)*(2 + 4). Suppose 0 = -o - i*o. Calculate the remainder when 66 is divided by d(o).
15
Suppose -5*u + 14 = 2*u. Suppose 0 = -2*d + 4 - 2. What is the remainder when u is divided by d?
0
Suppose 4*j + 2 = 10. Let s = -9 + 14. Suppose c - 26 = j*y - s*y, -y + 4*c = -13. Calculate the remainder when y is divided by 5.
4
Let h(q) = -11*q - 4. Let p(o) = o**2 - 4*o + 7. Calculate the remainder when p(-5) is divided by h(-2).
16
Suppose -12*w + 49 = 13. Let h = -8 + 11. What is the remainder when w is divided by h?
0
Suppose 3*z - 2*z - 4 = 0. Let y(r) = -2*r + 2. Let o be y(-2). Let d(m) = -m**3 + 7*m**2 - 6*m + 6. Calculate the remainder when d(o) is divided by z.
2
Calculate the remainder when (-9)/2*(-4)/6 is divided by (-5)/(-10) + 6/4.
1
Let b be (-48)/(-21) - 10/35. Suppose -b - 8 = -c. Let m = 47 - 18. What is the remainder when m is divided by c?
9
Let t = -20 + 28. Calculate the remainder when 15 is divided by t.
7
Let v = -20 - -36. Calculate the remainder when v is divided by 3.
1
Let j(g) = g**3 + 4*g**2 + g - 4. Let d be j(-2). Suppose -20 = -d*a + 6. Calculate the remainder when a is divided by 4.
1
Let l = 16 + -1. Suppose -t + l = -18. Suppose -2*x + 26 = x + 5*a, -3*x + 41 = 2*a. Calculate the remainder when t is divided by x.
16
Suppose 5*z = -5*s + 185, -4*z = s + 7 - 44. What is the remainder when 7*(-2 - 372/(-21)) is divided by s?
36
Suppose 0 = 2*n - t + 34, -4*n + 2*t = -n + 52. Let f be (-1)/4 + 274/8. Let r = n + f. What is the remainder when 51 is divided by r?
15
Let d(q) = -q**2 - 5*q + 6. Let w be d(-6). Suppose a - 62 = 5*k, 4*k + 25 - 5 = w. Suppose -9 = -5*h + 56. What is the remainder when a is divided by h?
11
Let x = -22 - -16. Calculate the remainder when (22/x + 3)*-123 is divided by 21.
19
Let o(a) = 10*a. What is the remainder when 29 is divided by o(1)?
9
Suppose -19 + 41 = 11*f. Let q be (1/(-2) + -1)*-2. Suppose q*c + 15 = 2*c + 4*i, -3*c = 5*i - 23. What is the remainder when f is divided by c?
0
Suppose 20 = -2*h - 6. Let a be (h + 0 - -2) + 0. Let n = -5 - a. Calculate the remainder when 17 is divided by n.
5
Suppose 2*q = -4*q + 432. What is the remainder when q is divided by 19?
15
Let t = 52 + -21. Suppose -30 = -3*f - 2*f. Let v = f + 5. What is the remainder when t is divided by v?
9
Suppose 0 = g - 17 - 7. Let p(c) = c**2 + 31. What is the remainder when p(0) is divided by -1*44/g*-6?
9
Calculate the remainder when 0 - (97 + 1)/(-2) is divided by (-1 + -1)*(-39)/6.
10
Suppose 2*g = -g - 117. What is the remainder when 11 is divided by g/(-15) - 2/(-5)?
2
Let k = 1 + -7. What is the remainder when 42 is divided by -3*22*2/k?
20
What is the remainder when (14/42)/(-2 + (-374)/(-186)) is divided by 19?
12
What is the remainder when 16 is divided by -1*3/(-6) - 10/(-4)?
1
Suppose 8*j - 472 = -0*j. Calculate the remainder when 172 is divided by j.
54
Let l(o) = -o**3 - o**2 + 6*o + 5. Let k be l(-4). Suppose t = -6 + k. What is the remainder when 43 is divided by t?
20
Let l(y) = y - 26. Calculate the remainder when 21 is divided by l(30).
1
Let x = -3 + 8. Suppose 0 = -4*h - 12, 5*h = x*s + 2*h - 34. Calculate the remainder when s is divided by 2.
1
Let b(j) = j + 8. Let h be b(-6). Suppose -5*q + 165 = 3*z, 2*q + h*q + 5*z - 145 = 0. What is the remainder when q/4*(-70)/(-15) is divided by 18?
17
Let j be (-114)/(1/(-4 + 3)). Let z = 173 - j. Calculate the remainder when z is divided by 20.
19
Let i(l) be the first derivative of -l**4/4 - 5*l**3/3 - 3*l**2/2 - 5*l - 5. Calculate the remainder when 19 is divided by i(-5).
9
Let x(u) = 4*u + 21. Calculate the remainder when x(-5) is divided by 1.
0
Let j(o) = 15*o**2 - o + 1. Let g(k) = -9*k**2 + 4*k. Let q be g(3). Let z = q - -98. What is the remainder when z is divided by j(1)?
14
Suppose -221 = -3*n + 2*r - 0*r, 0 = -2*n + 4*r + 158. Let k = 235 - n. Suppose 3*h - 5*v - k = 0, 3*v + 0 = -3. What is the remainder when h is divided by 18?
17
Suppose 16 = 4*g - 0. Suppose a - g = -a. Let w = 61 + -59. Calculate the remainder when w is divided by a.
0
Suppose 0 = 5*c - 697 - 288. What is the remainder when c is divided by 50?
47
Suppose -4*r = 3*j - 39, -2*j - 17 = -4*r + 17. Calculate the remainder when 60 is divided by r.
6
What is the remainder when 63 is divided by ((-38)/(-6))/((77/21)/11)?
6
Let y(t) = t**2 - 3*t + 7. Suppose 0 = i + 3*i - 20. Suppose 2*m + 7*k = 3*k - 8, -2*m + 37 = -i*k. Calculate the remainder when y(5) is divided by m.
5
Suppose -4*j + 2*j = -6. Suppose 0 = s + 3*s - j*d - 12, 5*d - 50 = -5*s. Calculate the remainder when 10 is divided by s.
4
Suppose -4*v = -20, 4*v - 3 = z + 4. Suppose 0 = 5*q - 3*q + 20. Let c = q + 17. Calculate the remainder when z is divided by c.
6
Let k = 19 + -8. Let o(d) = 42*d + 1. What is the remainder when o(1) is divided by k?
10
Let x(o) = o + 34. Suppose 48 = l + 3*l. Calculate the remainder when x(0) is divided by 